(2192504/(-36) + 4) a prime number?
True
Let r = -1319 - -2814. Suppose 5*o + 5*t = r, 879 - 2095 = -4*o + t. Suppose -5*h + o + 182 = 0. Is h a composite number?
False
Let a(o) = -170*o**3 - 3*o**2 - 8*o - 14. Let s be a(-3). Suppose -14*d + s = -6319. Is d prime?
False
Let w be -7*(-3 - (-165)/35 - 2). Let t(n) = 50*n**2 - 10*n + 21. Is t(w) prime?
False
Suppose 0 = -40*x - 7*x + 682393. Is x a composite number?
False
Suppose -18*m + 14*m + 4136 = 0. Suppose s = y + m, 845 = -y + 2*s - 185. Let g = -715 - y. Is g prime?
False
Suppose -6*w + 10681 = -1781. Let c = -5212 + w. Let i = c + 6298. Is i a prime number?
True
Let z = -197 + 107. Is (386/6*z/(-10))/1 a prime number?
False
Let r be (-15)/(-2)*(-120)/100. Let n be r/((-36)/8) + -4. Is (n + 111)/(0 + 1) composite?
False
Let l be 2 + 0 + 4*2/8. Let h be 1 + -1 + l + -1. Suppose -526 + 27 = -h*w + 3*g, -2*g - 500 = -2*w. Is w a prime number?
True
Let w(o) = -13*o**2 + 37. Let y(n) = -7*n**2 + 18. Let a(d) = 6*w(d) - 13*y(d). Let x be a(4). Let s = x - -271. Is s prime?
True
Let h(c) be the third derivative of c**6/120 - 13*c**5/60 - 7*c**4/12 + 4*c**3/3 - 37*c**2. Let w be h(14). Is (-23)/(-184) + 6519/w a composite number?
True
Suppose -29 = -2*g - 17. Suppose 0 = -g*d + 15*d - 7839. Is d a composite number?
True
Let n(m) = -m. Let y(p) = 2864*p - 10. Let u(o) = -3*n(o) + y(o). Is u(1) prime?
True
Let d = -26 + 55. Suppose d = 4*q + 9. Suppose -v - 6*a + 2*a + 1531 = 0, -v + q*a = -1531. Is v composite?
False
Suppose 0 = -12*w + 1421 + 3607. Is w prime?
True
Let k(m) = 35*m**2 + 16*m + 50. Let s = 49 + -52. Is k(s) prime?
True
Let y be ((-96)/(-15))/(2/10). Let z = -27 + y. Suppose -z*j + 2048 = -1377. Is j composite?
True
Is (45/(-225))/((-1 + -3)/5131220) a composite number?
False
Let w = -1529 - -1084. Let d = w + 2138. Is d prime?
True
Suppose 3*m - 58287 = 14*d - 11*d, -3*m - 2*d + 58292 = 0. Let p = 28719 - m. Is p a composite number?
True
Let i = 215570 + -73789. Is i a composite number?
True
Suppose -2*v + 3*v = -2*o + 85, 5*o - 2*v - 226 = 0. Let q = 43 - o. Is 0 - 3 - (q - 295) prime?
True
Let r be ((-1)/4)/((-66)/(-176))*-471. Suppose 0 = 28*p - 30*p + r. Is p a prime number?
True
Suppose 23*m - 16830646 = 1077913. Is m a prime number?
True
Suppose -2*o - p + 119972 = 0, -29941 - 270010 = -5*o + p. Is o prime?
False
Let u = -631 + 1010. Is (u - -7)/(6/21) a prime number?
False
Let w(x) = x**3 + 211*x**2 - 215*x - 689. Is w(-198) prime?
False
Let y(z) = -1 - 257*z - 362*z + 162*z + 0. Is y(-6) a prime number?
True
Let n = -109 - -114. Suppose 0 = 4*f + n*h - 32, 5 = -4*f + 5*h - 3. Suppose -2763 = -f*q - 0*q. Is q prime?
False
Let f(q) = 21*q**3 + 3*q**2 - 3. Let i be f(2). Let r = -122 + i. Suppose 2*d - 93 = r. Is d a prime number?
False
Let d(j) = 25*j**2 + 99*j. Let b be d(-4). Suppose -f + 5*n = -597, n + 749 + 1639 = b*f. Is f prime?
False
Let k = -2962145 + 5056658. Is k a composite number?
True
Suppose 0 = 8*d - 18*d - 50300. Let s = 7293 + d. Is s composite?
True
Let t(d) = 182*d**2 - 9*d - 19. Let g be t(8). Suppose 4317 - g = -5*h. Suppose 0 = -2*i + h + 1670. Is i a composite number?
False
Suppose -3*x = -0 - 6. Suppose 6*v - 3*v - 2*t = 32, -x*v + 43 = 3*t. Let u(o) = -o**2 + 17*o + 16. Is u(v) prime?
False
Let j be (-48275)/5*19/(-5). Suppose 13*b - j = -6*b. Is b a prime number?
True
Let f(c) = 10*c**3 + 4*c**2 - 6*c - 4. Let n(w) = -w**3 + 2*w**2 + w - 1. Let l(m) = f(m) - 3*n(m). Is l(6) a composite number?
True
Let u = 363 - 363. Is (-157216)/(-8) + -1*(u + -1) prime?
False
Let v(n) = 309*n**2 - 2*n + 54. Suppose -3*d + m = 16, -3*d - 31 = -32*m + 34*m. Is v(d) a composite number?
True
Suppose 0 = -58*l + 1873068 + 646858. Is l a composite number?
True
Let r(i) = -i**3 - 8*i**2 - 2*i - 3. Let w be r(-8). Suppose 3*c - 901 = 4*p, -4*c - 338 = -3*p - 1530. Suppose -12*s - c = -w*s. Is s composite?
True
Suppose -51*p - 486 = -45*p. Let o be ((-126)/24)/((-2)/(-16)). Let y = o - p. Is y prime?
False
Let i(j) = -j**3 - 17*j**2 - 38*j + 9. Is i(-44) a prime number?
False
Let w = 409606 - 189966. Is w/120 - 4/(-6) a composite number?
False
Let q(y) = -180640*y + 379. Is q(-1) prime?
True
Let z = 662885 - 427336. Is z a prime number?
False
Let q(h) = -7*h**3 - 5*h**2 + 9*h + 8. Suppose 5*n - 25 = 5*j, -4*j + n + 5 = 2*n. Let z(o) = -o**3 + o**2 + 2*o - 7. Let x be z(j). Is q(x) a prime number?
False
Suppose -4*y = -58 - 6. Is 1/3*-2*(-13080)/y a prime number?
False
Suppose 7*s = 403 + 710. Let l = 398 - s. Is l composite?
False
Suppose c - 15471 + 235499 = 4*i, -275035 = -5*i - 3*c. Suppose i = 7*r - 49874. Is r composite?
False
Is 75/(-10)*-124 + 19 + -20 a prime number?
True
Let z(l) be the second derivative of 3*l**5/20 + 23*l**4/12 + l**3/3 + 113*l**2/2 - 25*l. Is z(13) a prime number?
False
Suppose 0 = 4*f + t - 65068, -t - 5213 = -3*f + 43595. Suppose f + 1847 = 3*p - 4*b, p - 6031 = 5*b. Is p composite?
True
Let f(s) be the second derivative of 7*s**6/180 + 11*s**5/120 + 7*s**4/24 - 5*s**3/3 + 5*s. Let i(u) be the second derivative of f(u). Is i(-8) a prime number?
False
Let k(j) = j**3 + j**2 + j - 1. Let i be k(1). Let r = 138 + -132. Suppose -i*c - 2264 = -r*c. Is c a prime number?
False
Let s be (6/(-3) - -4 - -3109) + 4. Let n = -1956 + s. Is n composite?
True
Suppose 3*x + 5*u - 43 = 0, 0 = 4*x + 3*u - 6 - 33. Suppose -983 = -x*n + 3271. Is n a prime number?
True
Suppose 2*q + 30*y - 26*y - 5058 = 0, 0 = 2*q + 2*y - 5052. Suppose -3*j - 6*i + q = -4*i, 3*i + 2508 = 3*j. Is j composite?
False
Let u(s) = 2*s**2 - 58*s + 470. Is u(33) prime?
False
Suppose 0 = 3*q + 5*p - 520, -884 = -5*q - 7*p + 3*p. Suppose 0 = 4*a + 2*a - q. Is 34416/a - 6 - (-1)/(-5) a composite number?
True
Suppose 0 = 8*w - 369639 - 164257. Is w a prime number?
False
Let p = 314200 - 26763. Is p prime?
True
Let i(g) be the second derivative of -43*g**3/6 + 9*g**2/2 + 9*g. Let n be i(-8). Suppose -2*k = 3*w - n - 1484, -2*k = 4*w - 2448. Is w a prime number?
False
Suppose -15*x - 31958 = -17*x. Suppose 3*f + x = 22*f. Is f a prime number?
False
Let o be -1 + -3 + (-6 - -2). Let m(z) = -2*z**2 - 18*z - 12. Let v be m(o). Is 1903 - (16/v + -2) prime?
True
Let w(o) = 127*o - 3 - 125*o - 6. Let l be w(6). Suppose -p + h = -129, -l*p = -4*p - 2*h + 123. Is p a composite number?
False
Let a(u) = u**3 - 13*u**2 - 7*u + 10. Let x be a(14). Is -7*2*x/(-72) a prime number?
False
Let c(w) be the third derivative of 1/12*w**5 - 5/24*w**4 + 11*w**2 + 0*w - 29/6*w**3 + 0. Is c(11) composite?
False
Suppose 6 = -x - 4*h, 0*x - 3*h = 2*x + 2. Suppose 0 = -x*u + 1973 + 1599. Suppose 4*t + 2*a - u = 0, a = -4*t - 4*a + 1783. Is t a composite number?
True
Let w be (10/(-15))/(-1 - 30/(-18)). Suppose -6 = -4*a + a. Is 381/a + 3/2 + w prime?
True
Suppose 2*a - 2619 = 3*u, 6*a - 5*a - 1296 = -3*u. Suppose a = 4*i - 88747. Is i composite?
True
Suppose -40*k + 34*k = 36. Let m(a) = 14*a**2 + 24*a + 11. Is m(k) prime?
False
Is (-10360045)/(-356) + (-1)/4 composite?
False
Suppose -1068 = 62*x - 58*x. Let j = x + 1107. Suppose -203 = -n + j. Is n composite?
True
Suppose l + 5*l + 36 = 0. Let k be 189/l*16/(-24). Is (k/63)/((-1)/(-753)) a prime number?
True
Suppose 4*d = -5*s + 5939, d - 1469 = 3*s + s. Let z(u) = u**2 + 12*u**3 + 0*u**2 + d - 13*u**3. Is z(0) a prime number?
True
Suppose 238*s - 241*s + 15303 = 0. Let m = -2282 + s. Is m a prime number?
True
Let p be -5 - 71414/(-22) - (-2)/(-22). Let k = p - -4920. Is k a composite number?
False
Let z = -482 + 880. Let b = z - 588. Let a = -133 - b. Is a a composite number?
True
Suppose 4*n - 2*t - 32382 = 0, -13207 = -n + 4*t - 5108. Is n prime?
False
Let t(b) = -2*b**2 - 49*b + 65938. Is t(0) a composite number?
True
Suppose -178*y + 173*y + 35960 = 0. Suppose -2*c - w + y = w, c - 3584 = 3*w. Is c a composite number?
False
Is 74657 + 1 - (17 - 6) prime?
False
Suppose -4*f - 25 = -9*f, 0 = -4*l - 5*f + 129. Suppose 11*h + 33855 = l*h. Is h a prime number?
False
Suppose 3*y = -8*y. Is (y + 1)/(-2 + 4307/2153) prime?
True
Let p be 98/(-35) + 12/15. Is 1390 + p + 6/(-2) composite?
True
Let v = -43343 - -63630. Is v prime?
True
Suppose -10 = -5*w, 0 = 5*y + 3*w - 29 - 17. Suppose -2 = 3*h - y. Is (h/4)/((-2)/(-12)) + 376 a prime number?
True
Let s be 15/((-12)/(